{"id":113,"date":"2015-04-12T23:47:19","date_gmt":"2015-04-12T21:47:19","guid":{"rendered":"http:\/\/www.mv-merklingen.de\/HP-MVM\/?page_id=113"},"modified":"2019-12-13T15:44:41","modified_gmt":"2019-12-13T14:44:41","slug":"instrumentalausbildung","status":"publish","type":"page","link":"https:\/\/mv-merklingen.de\/?page_id=113","title":{"rendered":"Instrumentalausbildung"},"content":{"rendered":"<p align=\"JUSTIFY\">Bei der Instrumentalausblidung beginnt der\/die Sch\u00fcler\/Inn die Ausbildung, des gew\u00e4hlten Instruments direkt im Einzelunterricht oder nach der RMG. Der Einstieg ist auch ohne RMG m\u00f6glich. Allerdings m\u00fcssen dann die musikalisch, theoretischen Grundlagen noch gelernt werden.<\/p>\n<p align=\"JUSTIFY\">F\u00fcr das erste Jahr wird ein Leihinstrument vom Musikverein kostenlos zur Verf\u00fcgung gestellt. Abh\u00e4ngig vom Lernfortschritt nimmt die Sch\u00fclerin oder der Sch\u00fcler an den Proben der Jugendgruppe und sp\u00e4ter an den Proben der Jugendkapelle teil.<\/p>\n<p align=\"JUSTIFY\">Die Ausbildung wird vervollst\u00e4ndigt durch die Teilnahme an den Lehrg\u00e4ngen des Kreismusikverbandes.<br \/>\nDer letzte Schritt ist der \u00dcbergang zum \u201eaktiven Musiker\/Inn\u201c in die Trachtenkapelle.<\/p>\n<p align=\"JUSTIFY\">Weitere\u00a0Informationen bekommen sie\u00a0<a href=\"https:\/\/mv-merklingen.de\/?page_id=385\"><strong>hier<\/strong><\/a>\u00a0von unseren Jugendleiterinnen.<\/p>\n<p align=\"JUSTIFY\">Folgende Instrument k\u00f6nnen bei uns erlernt werden:<\/p>\n<p style=\"text-align: left;\" align=\"JUSTIFY\"><div class=\"su-custom-gallery su-custom-gallery-align-left su-custom-gallery-title-hover su-lightbox-gallery\"><div class=\"su-custom-gallery-slide\" style=\"width:200px;height:200px\"><a href=\"https:\/\/mv-merklingen.de\/wp-content\/uploads\/2015\/04\/trompete.jpg\" title=\"Trompete\"><img decoding=\"async\" data-src=\"https:\/\/mv-merklingen.de\/wp-content\/uploads\/2015\/04\/trompete-200x200.jpg\" alt=\"Trompete\" width=\"200\" height=\"200\" src=\"data:image\/svg+xml;base64,PHN2ZyB3aWR0aD0iMSIgaGVpZ2h0PSIxIiB4bWxucz0iaHR0cDovL3d3dy53My5vcmcvMjAwMC9zdmciPjwvc3ZnPg==\" class=\"lazyload\" style=\"--smush-placeholder-width: 200px; --smush-placeholder-aspect-ratio: 200\/200;\" \/><span class=\"su-custom-gallery-title\">Trompete<\/span><\/a><\/div><div class=\"su-custom-gallery-slide\" style=\"width:200px;height:200px\"><a href=\"https:\/\/mv-merklingen.de\/wp-content\/uploads\/2015\/04\/thenorhorn.jpg\" title=\"Tenorhorn\"><img decoding=\"async\" data-src=\"https:\/\/mv-merklingen.de\/wp-content\/uploads\/2015\/04\/thenorhorn-200x200.jpg\" alt=\"Tenorhorn\" width=\"200\" height=\"200\" src=\"data:image\/svg+xml;base64,PHN2ZyB3aWR0aD0iMSIgaGVpZ2h0PSIxIiB4bWxucz0iaHR0cDovL3d3dy53My5vcmcvMjAwMC9zdmciPjwvc3ZnPg==\" class=\"lazyload\" style=\"--smush-placeholder-width: 200px; --smush-placeholder-aspect-ratio: 200\/200;\" \/><span class=\"su-custom-gallery-title\">Tenorhorn<\/span><\/a><\/div><div class=\"su-custom-gallery-slide\" style=\"width:200px;height:200px\"><a href=\"https:\/\/mv-merklingen.de\/wp-content\/uploads\/2015\/04\/posaune.jpg\" title=\"Posaune\"><img decoding=\"async\" data-src=\"https:\/\/mv-merklingen.de\/wp-content\/uploads\/2015\/04\/posaune-200x200.jpg\" alt=\"Posaune\" width=\"200\" height=\"200\" src=\"data:image\/svg+xml;base64,PHN2ZyB3aWR0aD0iMSIgaGVpZ2h0PSIxIiB4bWxucz0iaHR0cDovL3d3dy53My5vcmcvMjAwMC9zdmciPjwvc3ZnPg==\" class=\"lazyload\" style=\"--smush-placeholder-width: 200px; --smush-placeholder-aspect-ratio: 200\/200;\" \/><span class=\"su-custom-gallery-title\">Posaune<\/span><\/a><\/div><div class=\"su-custom-gallery-slide\" style=\"width:200px;height:200px\"><a href=\"https:\/\/mv-merklingen.de\/wp-content\/uploads\/2015\/07\/tuba.jpg\" title=\"Tuba\"><img decoding=\"async\" data-src=\"https:\/\/mv-merklingen.de\/wp-content\/uploads\/2015\/07\/tuba-200x200.jpg\" alt=\"Tuba\" width=\"200\" height=\"200\" src=\"data:image\/svg+xml;base64,PHN2ZyB3aWR0aD0iMSIgaGVpZ2h0PSIxIiB4bWxucz0iaHR0cDovL3d3dy53My5vcmcvMjAwMC9zdmciPjwvc3ZnPg==\" class=\"lazyload\" style=\"--smush-placeholder-width: 200px; --smush-placeholder-aspect-ratio: 200\/200;\" \/><span class=\"su-custom-gallery-title\">Tuba<\/span><\/a><\/div><div class=\"su-custom-gallery-slide\" style=\"width:200px;height:200px\"><a href=\"https:\/\/mv-merklingen.de\/wp-content\/uploads\/2015\/04\/percussion.jpg\" title=\"Schlagzeug &#038; Percussion\"><img decoding=\"async\" data-src=\"https:\/\/mv-merklingen.de\/wp-content\/uploads\/2015\/04\/percussion-200x200.jpg\" alt=\"Schlagzeug &#038; Percussion\" width=\"200\" height=\"200\" src=\"data:image\/svg+xml;base64,PHN2ZyB3aWR0aD0iMSIgaGVpZ2h0PSIxIiB4bWxucz0iaHR0cDovL3d3dy53My5vcmcvMjAwMC9zdmciPjwvc3ZnPg==\" class=\"lazyload\" style=\"--smush-placeholder-width: 200px; --smush-placeholder-aspect-ratio: 200\/200;\" \/><span class=\"su-custom-gallery-title\">Schlagzeug &#038; Percussion<\/span><\/a><\/div><div class=\"su-custom-gallery-slide\" style=\"width:200px;height:200px\"><a href=\"https:\/\/mv-merklingen.de\/wp-content\/uploads\/2015\/04\/floete.jpg\" title=\"Querfl\u00f6te\"><img decoding=\"async\" data-src=\"https:\/\/mv-merklingen.de\/wp-content\/uploads\/2015\/04\/floete-200x200.jpg\" alt=\"Querfl\u00f6te\" width=\"200\" height=\"200\" src=\"data:image\/svg+xml;base64,PHN2ZyB3aWR0aD0iMSIgaGVpZ2h0PSIxIiB4bWxucz0iaHR0cDovL3d3dy53My5vcmcvMjAwMC9zdmciPjwvc3ZnPg==\" class=\"lazyload\" style=\"--smush-placeholder-width: 200px; --smush-placeholder-aspect-ratio: 200\/200;\" \/><span class=\"su-custom-gallery-title\">Querfl\u00f6te<\/span><\/a><\/div><div class=\"su-custom-gallery-slide\" style=\"width:200px;height:200px\"><a href=\"https:\/\/mv-merklingen.de\/wp-content\/uploads\/2015\/04\/saxophone.jpg\" title=\"Saxophone\"><img decoding=\"async\" data-src=\"https:\/\/mv-merklingen.de\/wp-content\/uploads\/2015\/04\/saxophone-200x200.jpg\" alt=\"Saxophone\" width=\"200\" height=\"200\" src=\"data:image\/svg+xml;base64,PHN2ZyB3aWR0aD0iMSIgaGVpZ2h0PSIxIiB4bWxucz0iaHR0cDovL3d3dy53My5vcmcvMjAwMC9zdmciPjwvc3ZnPg==\" class=\"lazyload\" style=\"--smush-placeholder-width: 200px; --smush-placeholder-aspect-ratio: 200\/200;\" \/><span class=\"su-custom-gallery-title\">Saxophone<\/span><\/a><\/div><div class=\"su-custom-gallery-slide\" style=\"width:200px;height:200px\"><a href=\"https:\/\/mv-merklingen.de\/wp-content\/uploads\/2015\/07\/klarinette.jpg\" title=\"Klarinette\"><img decoding=\"async\" data-src=\"https:\/\/mv-merklingen.de\/wp-content\/uploads\/2015\/07\/klarinette-200x200.jpg\" alt=\"Klarinette\" width=\"200\" height=\"200\" src=\"data:image\/svg+xml;base64,PHN2ZyB3aWR0aD0iMSIgaGVpZ2h0PSIxIiB4bWxucz0iaHR0cDovL3d3dy53My5vcmcvMjAwMC9zdmciPjwvc3ZnPg==\" class=\"lazyload\" style=\"--smush-placeholder-width: 200px; --smush-placeholder-aspect-ratio: 200\/200;\" \/><span class=\"su-custom-gallery-title\">Klarinette<\/span><\/a><\/div><div class=\"su-custom-gallery-slide\" style=\"width:200px;height:200px\"><a href=\"https:\/\/mv-merklingen.de\/wp-content\/uploads\/2015\/07\/Horn.png\" title=\"Horn\"><img decoding=\"async\" data-src=\"https:\/\/mv-merklingen.de\/wp-content\/uploads\/2015\/07\/Horn-200x200.png\" alt=\"Horn\" width=\"200\" height=\"200\" src=\"data:image\/svg+xml;base64,PHN2ZyB3aWR0aD0iMSIgaGVpZ2h0PSIxIiB4bWxucz0iaHR0cDovL3d3dy53My5vcmcvMjAwMC9zdmciPjwvc3ZnPg==\" class=\"lazyload\" style=\"--smush-placeholder-width: 200px; --smush-placeholder-aspect-ratio: 200\/200;\" \/><span class=\"su-custom-gallery-title\">Horn<\/span><\/a><\/div><div class=\"su-clear\"><\/div><\/div>\n","protected":false},"excerpt":{"rendered":"<p>Bei der Instrumentalausblidung beginnt der\/die Sch\u00fcler\/Inn die Ausbildung, des gew\u00e4hlten Instruments direkt im Einzelunterricht oder nach der RMG. Der Einstieg ist auch ohne RMG m\u00f6glich. Allerdings m\u00fcssen dann die musikalisch, theoretischen Grundlagen noch gelernt werden. F\u00fcr das erste Jahr wird ein Leihinstrument vom Musikverein kostenlos zur Verf\u00fcgung gestellt. Abh\u00e4ngig vom Lernfortschritt nimmt die Sch\u00fclerin oder [&hellip;]<\/p>\n","protected":false},"author":1,"featured_media":0,"parent":31,"menu_order":0,"comment_status":"closed","ping_status":"open","template":"","meta":{"footnotes":""},"class_list":["post-113","page","type-page","status-publish","hentry"],"_links":{"self":[{"href":"https:\/\/mv-merklingen.de\/index.php?rest_route=\/wp\/v2\/pages\/113","targetHints":{"allow":["GET"]}}],"collection":[{"href":"https:\/\/mv-merklingen.de\/index.php?rest_route=\/wp\/v2\/pages"}],"about":[{"href":"https:\/\/mv-merklingen.de\/index.php?rest_route=\/wp\/v2\/types\/page"}],"author":[{"embeddable":true,"href":"https:\/\/mv-merklingen.de\/index.php?rest_route=\/wp\/v2\/users\/1"}],"replies":[{"embeddable":true,"href":"https:\/\/mv-merklingen.de\/index.php?rest_route=%2Fwp%2Fv2%2Fcomments&post=113"}],"version-history":[{"count":28,"href":"https:\/\/mv-merklingen.de\/index.php?rest_route=\/wp\/v2\/pages\/113\/revisions"}],"predecessor-version":[{"id":1337,"href":"https:\/\/mv-merklingen.de\/index.php?rest_route=\/wp\/v2\/pages\/113\/revisions\/1337"}],"up":[{"embeddable":true,"href":"https:\/\/mv-merklingen.de\/index.php?rest_route=\/wp\/v2\/pages\/31"}],"wp:attachment":[{"href":"https:\/\/mv-merklingen.de\/index.php?rest_route=%2Fwp%2Fv2%2Fmedia&parent=113"}],"curies":[{"name":"wp","href":"https:\/\/api.w.org\/{rel}","templated":true}]}}